{"id":703,"date":"2025-01-03T10:22:20","date_gmt":"2025-01-03T09:22:20","guid":{"rendered":"https:\/\/mensa-cortes.com\/?page_id=703"},"modified":"2025-01-03T13:48:12","modified_gmt":"2025-01-03T12:48:12","slug":"formation","status":"publish","type":"page","link":"https:\/\/mensacortes.com\/?page_id=703","title":{"rendered":"FORMATION"},"content":{"rendered":"\n<blockquote class=\"wp-block-quote is-layout-flow wp-block-quote-is-layout-flow\">\n<p>\u00ab\u00a0Investir dans la formation, c&rsquo;est conjuguer au pr\u00e9sent mais aussi au futur le souci des hommes et le souci des r\u00e9sultats.\u00a0\u00bb<\/p>\n<cite>Philippe BLOCH<\/cite><\/blockquote>\n\n\n\n<div style=\"height:30px\" aria-hidden=\"true\" class=\"wp-block-spacer\"><\/div>\n\n\n\n<p>Notre environnement \u00e9volue vite, tr\u00e8s vite. Dans ce contexte, il est donc <strong>primordial de se former r\u00e9guli\u00e8rement pour rester performant<\/strong>. Sous ce rapport, les experts Mensa Cortes vous accompagne dans toutes les facettes de votre m\u00e9tier :\u00a0<\/p>\n\n\n\n<div class=\"wp-block-columns is-layout-flex wp-container-core-columns-is-layout-9d6595d7 wp-block-columns-is-layout-flex\">\n<div class=\"wp-block-column is-layout-flow wp-block-column-is-layout-flow\" style=\"flex-basis:33.33%\"><\/div>\n\n\n\n<div class=\"wp-block-column is-layout-flow wp-block-column-is-layout-flow\" style=\"flex-basis:66.66%\">\n<ul class=\"wp-block-list\">\n<li>Communication<\/li>\n\n\n\n<li>Formation<\/li>\n\n\n\n<li>Informatique<\/li>\n\n\n\n<li>Management<\/li>\n\n\n\n<li>Marketing<\/li>\n\n\n\n<li>Pr\u00e9vention<\/li>\n\n\n\n<li>S\u00e9curit\u00e9<\/li>\n<\/ul>\n<\/div>\n<\/div>\n\n\n\n<ul class=\"wp-block-list\"><\/ul>\n\n\n\n<div style=\"height:30px\" aria-hidden=\"true\" class=\"wp-block-spacer\"><\/div>\n\n\n\n<ul class=\"wp-block-list\"><\/ul>\n\n\n\n<p>Vous souhaitez \u00e9changer au sujet d&rsquo;un projet de formation ? <\/p>\n\n\n\n<p class=\"has-text-align-center\"><strong>RENCONTRONS-NOUS<\/strong> pour concevoir un programme de formation adapt\u00e9 \u00e0 vos besoins ! <\/p>\n\n\n\n<div style=\"height:29px\" aria-hidden=\"true\" class=\"wp-block-spacer\"><\/div>\n\n\n<div class=\"wp-block-jetpack-contact-form is-layout-flex wp-container-jetpack-contact-form-is-layout-026b38f8 wp-block-contact-form-is-layout-flex\"><a href=\"https:\/\/mensacortes.com\/?page_id=703\" target=\"_blank\" rel=\"noopener noreferrer\">Soumettre un formulaire.<\/a><\/div>","protected":false},"excerpt":{"rendered":"<p>\u00ab\u00a0Investir dans la formation, c&rsquo;est conjuguer au pr\u00e9sent mais aussi au futur le souci des hommes et le souci des r\u00e9sultats.\u00a0\u00bb Philippe BLOCH Notre environnement \u00e9volue vite, tr\u00e8s vite. Dans ce contexte, il est donc primordial de se former r\u00e9guli\u00e8rement pour rester performant. Sous ce rapport, les experts Mensa Cortes vous accompagne dans toutes les &hellip; <\/p>\n<p class=\"link-more\"><a href=\"https:\/\/mensacortes.com\/?page_id=703\" class=\"more-link\">Continuer la lecture<span class=\"screen-reader-text\"> de &laquo;&nbsp;FORMATION&nbsp;&raquo;<\/span><\/a><\/p>\n","protected":false},"author":2,"featured_media":0,"parent":0,"menu_order":0,"comment_status":"closed","ping_status":"closed","template":"","meta":{"footnotes":""},"class_list":["post-703","page","type-page","status-publish","hentry"],"jetpack_sharing_enabled":true,"_links":{"self":[{"href":"https:\/\/mensacortes.com\/index.php?rest_route=\/wp\/v2\/pages\/703","targetHints":{"allow":["GET"]}}],"collection":[{"href":"https:\/\/mensacortes.com\/index.php?rest_route=\/wp\/v2\/pages"}],"about":[{"href":"https:\/\/mensacortes.com\/index.php?rest_route=\/wp\/v2\/types\/page"}],"author":[{"embeddable":true,"href":"https:\/\/mensacortes.com\/index.php?rest_route=\/wp\/v2\/users\/2"}],"replies":[{"embeddable":true,"href":"https:\/\/mensacortes.com\/index.php?rest_route=%2Fwp%2Fv2%2Fcomments&post=703"}],"version-history":[{"count":6,"href":"https:\/\/mensacortes.com\/index.php?rest_route=\/wp\/v2\/pages\/703\/revisions"}],"predecessor-version":[{"id":741,"href":"https:\/\/mensacortes.com\/index.php?rest_route=\/wp\/v2\/pages\/703\/revisions\/741"}],"wp:attachment":[{"href":"https:\/\/mensacortes.com\/index.php?rest_route=%2Fwp%2Fv2%2Fmedia&parent=703"}],"curies":[{"name":"wp","href":"https:\/\/api.w.org\/{rel}","templated":true}]}}